omposite number?
True
Is 57296879 composite?
False
Is 38350393 composite?
False
Is 5932595 a prime number?
False
Is 2063359 a prime number?
True
Is 3510029 prime?
True
Is 92538653 prime?
False
Is 535259 a prime number?
False
Is 7822571 prime?
False
Is 335893 composite?
False
Is 3392377 prime?
False
Is 10022939 a composite number?
False
Is 1616023 composite?
True
Is 4201739 a prime number?
True
Is 13546469 a composite number?
False
Is 102808963 a composite number?
False
Is 157265777 a prime number?
True
Is 150697718 a prime number?
False
Is 1444229 prime?
False
Is 4289533 a prime number?
False
Is 342779 prime?
False
Is 2543699 a composite number?
False
Is 209917031 a prime number?
True
Is 1484639 prime?
False
Is 81168827 composite?
False
Is 77793187 a composite number?
False
Is 315698231 prime?
False
Is 21913055 a composite number?
True
Is 3333999 prime?
False
Is 2806907 a composite number?
False
Is 3153769 a composite number?
True
Is 760477 a composite number?
False
Is 1236901 a prime number?
True
Is 1273783001 a prime number?
False
Is 99405833 a composite number?
False
Is 64887197 composite?
True
Is 291646 a composite number?
True
Is 181606279 prime?
True
Is 1822367 prime?
True
Is 44233951 composite?
False
Is 6853291 a composite number?
True
Is 34994149 composite?
True
Is 8708417 composite?
True
Is 17092186 a composite number?
True
Is 3004273 prime?
False
Is 79696429 composite?
True
Is 30908249 a prime number?
False
Is 80754785 a prime number?
False
Is 1407167 composite?
True
Is 109237637 composite?
True
Is 8007481 a composite number?
True
Is 63852937 composite?
True
Is 25206931 a composite number?
False
Is 523139 a prime number?
False
Is 19408439 composite?
True
Is 223850954 composite?
True
Is 7079813 a prime number?
False
Is 99123421 composite?
True
Is 47721719 prime?
True
Is 4709953 a prime number?
False
Is 3914007 a composite number?
True
Is 11743183 a prime number?
False
Is 20925763 a prime number?
False
Is 27254951 a composite number?
True
Is 3361349 composite?
True
Is 46783129 composite?
False
Is 281053849 prime?
True
Is 1240409 composite?
True
Is 127952018 a prime number?
False
Is 517023869 a prime number?
True
Is 437388794 a prime number?
False
Is 27091721 prime?
True
Is 80046871 composite?
False
Is 94019281 a composite number?
False
Is 52673539 a prime number?
False
Is 12345603 composite?
True
Is 104873737 a prime number?
False
Is 33445502 a composite number?
True
Is 758577583 composite?
True
Is 361577 prime?
True
Is 7510781 composite?
True
Is 8600677 prime?
True
Is 6111577 a composite number?
False
Is 4009861 a composite number?
False
Is 4890463 prime?
False
Is 255528181 a composite number?
False
Is 56632957 a prime number?
False
Is 7791551 prime?
True
Is 14329913 a prime number?
False
Is 215066839 prime?
False
Is 782297 a prime number?
True
Is 2264897 composite?
False
Is 107743169 a prime number?
False
Is 299489882 composite?
True
Is 24958321 a composite number?
True
Is 1268574983 prime?
False
Is 2731801 prime?
False
Is 342348121 composite?
False
Is 564737869 a prime number?
False
Is 122664227 a composite number?
True
Is 29830109 a composite number?
False
Is 853021 a prime number?
False
Is 97073 composite?
False
Is 25448807 a prime number?
False
Is 58652717 composite?
False
Is 23804467 prime?
False
Is 15267181 a composite number?
False
Is 53940013 a prime number?
True
Is 3048041 prime?
True
Is 12024163 a prime number?
False
Is 248241689 a prime number?
True
Is 204375169 a composite number?
True
Is 2231611 prime?
False
Is 35436263 a composite number?
False
Is 15961871 composite?
True
Is 7550203 a composite number?
False
Is 1106363 a prime number?
True
Is 4570133 a composite number?
False
Is 44763179 composite?
False
Is 4152503 prime?
True
Is 101732633 composite?
True
Is 3286561 composite?
False
Is 1755799 a prime number?
True
Is 12839243 composite?
False
Is 48885131 prime?
False
Is 948839 prime?
True
Is 6565259 a prime number?
True
Is 70934647 a composite number?
True
Is 1619339 composite?
False
Is 25387067 prime?
False
Is 17642027 composite?
True
Is 28217207 composite?
True
Is 516018883 a composite number?
False
Is 76121938 prime?
False
Is 8700697 prime?
True
Is 1865711 a composite number?
False
Is 157664839 composite?
True
Is 45050207 a prime number?
True
Is 1605502 composite?
True
Is 3848873 a prime number?
False
Is 46006691 composite?
False
Is 400983673 composite?
False
Is 402825173 a composite number?
False
Is 9390119 prime?
False
Is 2187379 composite?
False
Is 1626829 composite?
False
Is 1186721 a composite number?
True
Is 213004667 prime?
True
Is 4943869 composite?
True
Is 484577 prime?
True
Is 1958813 a composite number?
False
Is 50066747 prime?
True
Is 215761361 composite?
True
Is 24500803 prime?
True
Is 1444409 prime?
False
Is 132923361 prime?
False
Is 4365463 composite?
True
Is 1459231 a prime number?
False
Is 19542371 prime?
True
Is 63703373 a prime number?
True
Is 62860793 prime?
True
Is 132679 a composite number?
False
Is 17105233 a prime number?
True
Is 4450289 composite?
True
Is 54464131 prime?
True
Is 122864147 a prime number?
False
Is 3924839 a prime number?
True
Is 7054886 a prime number?
False
Is 2674799 composite?
True
Is 10385701 a prime number?
False
Is 31219313 composite?
False
Is 814107641 a composite number?
True
Is 19032943 prime?
True
Is 38559011 composite?
False
Is 97258331 a composite number?
False
Is 8376983 prime?
True
Is 26060651 prime?
True
Is 6128449 a composite number?
True
Is 7441717 composite?
True
Is 3751457 a composite number?
False
Is 65150167 composite?
True
Is 16123351 composite?
False
Is 15155323 a prime number?
True
Is 139324989 composite?
True
Is 6572639 a prime number?
False
Is 4633801 prime?
False
Is 8835861 a composite number?
True
Is 63569 composite?
True
Is 180425155 prime?
False
Is 63055571 composite?
False
Is 25470143 prime?
False
Is 419337647 a composite number?
False
Is 48996215 a prime number?
False
Is 8875346 a prime number?
False
Is 6321281 prime?
False
Is 6085103 prime?
True
Is 20537639 a composite number?
True
Is 21031457 prime?
True
Is 1737697 a composite number?
True
Is 87779 composite?
True
Is 1835033 prime?
False
Is 93286331 composite?
True
Is 610787 a prime number?
True
Is 103056517 prime?
False
Is 3602203 prime?
False
Is 302713 composite?
True
Is 48343891 a prime number?
True
Is 1827467 a composite number?
True
Is 95153547 a prime number?
False
Is 32389537 a composite number?
False
Is 264152423 a composite number?
False
Is 1561877 prime?
False
Is 694867 prime?
True
Is 6236699 composite?
True
Is 478102389 a composite number?
True
Is 471870463 a prime number?
True
Is 18490627 a composite number?
False
Is 83572669 a prime number?
False
Is 18646381 composite?
True
Is 6595685 a prime number?
False
Is 640219 prime?
True
Is 35032237 prime?
True
Is 7479617 composite?
False
Is 291050231 a prime number?
True
Is 10654463 a prime number?
True
Is 61262489 a composite number?
True
Is 3902929 a prime number?
True
Is 201881 prime?
True
Is 23648831 a composite number?
False
Is 20368857 composite?
True
Is 60514801 a prime number?
True
Is 17095607 a composite number?
False
Is 4902527 composite?
True
Is 31147439 a composite number?
True
Is 905039 composite?
True
Is 21944363 composite?
True
Is 215843 a composite number?
False
Is 19857569 prime?
True
Is 612947 composite?
False
Is 83118446 composite?
True
Is 45792122 composite?
True
Is 1047157297 a prime number?
False
Is 195600107 prime?
False
Is 180491033 composite?
False
Is 1796303 a composite number?
True
Is 101764571 composite?
False
Is 81787439 prime?
True
Is 1214617 a composite number?
False
Is 260744111 a composite number?
False
Is 21696511 a composite number?
False
Is 219123535 a prime number?
False
Is 29449117 composite?
True
Is 273723833 composite?
True
Is 22300849 composite?
True
Is 11781307 composite?
False
Is 31736641 a prime number?
True
Is 2909957 prime?
True
Is 28622861 prime?
False
Is 341114617 composite?
True
Is 40413089 a prime number?
False
Is 138288838 prime?
False
Is 110427 a prime number?
False
Is 899324947 prime?
False
Is 2906063 a composite number?
True
Is 40515649 composite?
False
Is 401462417 a composite number?
False
Is 2447111 a composite number?
False
Is 219049 a prime number?
False
Is 162610309 composite